= -4*w - 20. Let a be f(x). Suppose 6*i = 55 + 365. Calculate the highest common factor of a and i.
14
Let r = -1841 - -1870. Calculate the greatest common factor of 6931 and r.
29
Suppose 4*j = -2*j + 18. Let r(z) = 2 + 3*z**2 + 4*z - j + 26*z**2. Let q be r(-3). Calculate the highest common factor of q and 31.
31
Let c = 621 + -664. Let h(l) = l**3 + 43*l**2 - 10*l + 101. Let i be h(c). Calculate the greatest common factor of i and 59.
59
Suppose 2*m = 8, -2*d + 21 + 27 = -3*m. Let r = 45 - d. Let u(t) = t**3 - 6*t**2 + 7*t - 5. Let q be u(5). What is the greatest common factor of r and q?
5
Let y(b) = -222*b - 96. Let s be y(-5). What is the greatest common divisor of 52 and s?
26
Let x = 10 - 24. Let b be 38 - ((-4)/x + 12/(-42)). Let g = -26 + 64. What is the greatest common factor of b and g?
38
Let f = -167 - -108. Let a = -37 - f. Let k = -68 + 134. What is the highest common factor of a and k?
22
Let y be ((-573)/6)/((-6)/12). Let s = 128 + y. What is the greatest common divisor of 29 and s?
29
Let u be 47 - (0 + (0 - -1)). Suppose -28*w - 2049 = -32*w - 3*d, 2*w + d - 1023 = 0. Let t = 579 - w. Calculate the greatest common factor of t and u.
23
Suppose -145833*o + 18920 = -145790*o. Let y be ((-12)/(-10))/(3/100). Calculate the highest common factor of y and o.
40
Let b = 161 - 111. Suppose -32*j = -27*j - b. Calculate the highest common divisor of j and 5.
5
Let u be (-24)/(-16) + (-2)/4 + 3. Suppose -u*f + 2*m = -216, -3*m + 140 = 5*f - 130. Calculate the highest common divisor of 2 and f.
2
Suppose -2*c + 2 + 0 = 0. Suppose 2*w - c - 55 = 0. Let l = -65 - -69. What is the greatest common divisor of l and w?
4
Let s be 9 - -1 - (2 - 1). Suppose -s*g + 10 = -1052. Let p be g/3 - 6/(-9). Calculate the greatest common divisor of p and 10.
10
Let o(s) = -2*s**3 + 103*s**2 + 25*s + 322. Let z be o(48). What is the highest common factor of 100 and z?
50
Suppose -16*z + 2346 + 1222 = 0. Suppose -3*y + 376 = 5*g - 4*y, 2*y = -3*g + z. What is the highest common factor of g and 15?
15
Suppose 0 = 2*t - 79 + 13. Let a(p) = p**2 + 129*p - 1463. Let v be a(11). What is the greatest common divisor of v and t?
11
Suppose -1152 = 28*b - 76*b. Suppose -600 = 9*u - 14*u. Calculate the highest common factor of b and u.
24
Let i(y) = 57*y - 85. Let z be i(4). Let g be (-2054)/(-9) + (-2)/9. Let j = g - z. Calculate the greatest common factor of 17 and j.
17
Let v be (-10088)/(-84) - (10/(-6))/((-700)/40). Let n(m) = 5*m**2 - m - 4. Let i be n(-4). What is the greatest common factor of v and i?
40
Suppose -2 = 3*u + 5*p, 2*u - 3*u - 2*p = 0. Let l be 1/((u/(-1))/12). What is the greatest common factor of 123 and l?
3
Suppose 5*o = -4*z - z + 10, 0 = 2*o + z - 9. Let p(x) = 7*x - 28 - x**2 + o*x - 8*x + 6*x. Let y be p(8). Calculate the greatest common factor of 2 and y.
2
Suppose -2*g - 53*d = -57*d - 820, -3*d + 834 = 2*g. What is the highest common divisor of g and 3450?
138
Suppose 2*l - 3*l = -1, 0 = -3*w + 2*l + 1783. Let x = -363 + w. Calculate the greatest common divisor of x and 58.
58
Let m = -109 - -109. Suppose m = i + 7*i - 288. Suppose -i = -j - 0. Calculate the highest common factor of j and 54.
18
Let t(f) = 29*f + 150. Let g be t(-5). Suppose g*h - 98 - 72 = 0. Let k = -8 + 59. What is the highest common factor of h and k?
17
Suppose 5*h - 2 - 108 = 0. Suppose -2*d = -p - 4, -5*d + d = 5*p - h. Suppose -z + p*g - 1 = -14, g + 12 = z. What is the greatest common factor of z and 55?
11
Suppose -m = -72 - 56. Suppose 14 = -2*j, 0 = 3*g + 8*j - 81 - 151. What is the highest common factor of g and m?
32
Let y = 271 - -828. Calculate the highest common factor of 785 and y.
157
Let n(z) = 1 + 0 - 5 + 47*z**2 + 98*z**2 - 7*z + z. Let r be n(-2). Calculate the highest common divisor of 168 and r.
84
Let z = 23058 + -22288. Calculate the highest common factor of z and 455.
35
Let t = -19400 - -19463. Calculate the greatest common factor of t and 819.
63
Suppose 315 = 3*s - 399. Let f be 70/(-1995) - (-3880)/114. What is the highest common factor of f and s?
34
Let y(o) = 2*o**2 + 22*o - 37. Let l be y(-13). Suppose w - 175 = -l. Let a be (-1)/(-2) + (-156)/(-8). Calculate the highest common factor of w and a.
20
Suppose -4*l + 3*w = -3*l - 7158, l = w + 7146. Calculate the greatest common factor of 85 and l.
85
Let k = 1216 + -1020. What is the greatest common factor of 434 and k?
14
Let j be -16 + (-23 - 3234/(-21)). What is the greatest common factor of j and 529?
23
Let g be ((-6)/(-3) + 0)*28. Let a(z) = -z**3 + 2*z**2 - 8*z + 12. Let w be a(2). Let h = g - w. Calculate the highest common factor of 12 and h.
12
Suppose 3*r - 4*r - 467 = -5*m, 4*r - 12 = 0. Suppose -193 = -7*d + m. Calculate the highest common divisor of d and 287.
41
Let d be (-1 - 26)/(131/(-655)). Let s be (-4)/(-6)*27/2. Suppose m - 9 = 3*a + s, 0 = 5*m - a - 76. What is the highest common factor of m and d?
15
Let c(z) = 2*z**2 - z + 7. Let g be c(-3). Suppose 0 = 2*j - 3*u - 66, -4*j - 4*u + 80 = -2*j. Let t = j - g. Calculate the highest common factor of 64 and t.
8
Let z(a) = a**3 + 13*a**2 - 21*a - 55. Let v be (-8)/2*133/38. Let u be z(v). What is the greatest common divisor of 43 and u?
43
Suppose -5*q - 25 = -845. Let o = 291 - q. Suppose 17 = 4*r - o. Calculate the highest common factor of r and 18.
18
Let n be ((-3)/(-2))/(694/(-700) + 1). Suppose -5*w = -5*z - n, 9*w = 7*w + z + 71. Calculate the greatest common divisor of w and 4.
4
Suppose 8*v - 174 - 258 = 0. Suppose -2*o + 214 = -8*a + 7*a, -a = 5*o - 542. What is the greatest common factor of o and v?
54
Let c be 5/((-135)/(-77511)) + 58/261. What is the highest common divisor of c and 99?
99
Let j be 57/(-24) + 12/32 + 1355 + -3. Calculate the greatest common factor of 600 and j.
150
Let o = 531 + -528. Suppose o*u - 5 = 10. What is the greatest common factor of u and 65?
5
Let w(y) = -6*y**3 - 36*y**2 - 374*y - 36. Let s be w(-16). Calculate the highest common divisor of 14 and s.
14
Suppose 46*s = 41*s - 2*a + 6365, 3*s - 4*a = 3793. What is the greatest common divisor of s and 41?
41
Let g = -8 - -5. Let j(d) = -d - 3 + 3*d**2 + 23 - 7 + d**3 - 6. Let p be j(g). What is the highest common factor of 50 and p?
10
Let k(l) = 21*l - 53. Let g be k(5). Let x = 56 - g. Suppose 5*r + 3*h - 85 = 0, -r + 1 = -x*h + 7. What is the highest common divisor of 154 and r?
14
Suppose 0 = 4*a - 543 - 285. Let n be (-16)/20*(123/(-6) + -2). What is the greatest common divisor of a and n?
9
Suppose 30*b - 3619 = -17*b. Suppose 0 = 3*s + 3*i - 27, -5*s + 0*i + b = -3*i. Calculate the greatest common divisor of 65 and s.
13
Let o(x) = -x**2 + 18*x + 4. Suppose -d = 3 - 21. Let n be o(d). Suppose 0 = -4*y + 26 - 18. Calculate the greatest common divisor of y and n.
2
Let d = -14616 + 14637. Calculate the greatest common factor of d and 5649.
21
Let n = 16354 + -16294. Calculate the highest common divisor of n and 435.
15
Let t(b) = b**3 - 15*b**2 - 11*b - 11. Let s be t(15). Let f = 183 + s. Calculate the greatest common divisor of 91 and f.
7
Suppose 0 = 2*b + 5*b - 203. Let q be 139 + 56/(-16)*(-72)/42. What is the highest common factor of q and b?
29
Suppose -5*j - 29*d = -26*d - 1797, d = -1. What is the highest common divisor of j and 765?
45
Let a(h) = -h**3 + 15*h**2 - 21*h - 57. Let d be a(13). What is the greatest common divisor of 1124 and d?
4
Let b be (306/(-663))/(2/(-234)). What is the highest common factor of 5778 and b?
54
Suppose 0 = 118*r + 215*r - 1531134. What is the greatest common divisor of 66 and r?
22
Suppose 5*v - 5*a - 441 = 19, 5*v = -4*a + 424. Let k be 1 + 50 - (v + -79). What is the greatest common factor of k and 518?
14
Let j(w) = -7*w + 55. Let x be j(7). Let v be -4 + -2 + (-2 - -11). What is the greatest common divisor of x and v?
3
Let g = -235 - -284. Suppose 0*z + 70 = 5*z - q, 3*z = 2*q + g. Let v be (-5 - -4) + 2*59. Calculate the greatest common divisor of v and z.
13
Suppose r + 878 = 4*m - r, -656 = -3*m + r. Suppose -23*v = -1163 - m. What is the highest common factor of v and 12?
12
Let v(d) = 13*d - 105. Let q be v(9). What is the greatest common factor of 51 and q?
3
Let w be -3 - -2 - (-25)/1. Let t(v) = 28*v**2 + v - 3. Let p be 1 + -7 + 1 + -8 + 12. Let l be t(p). Cal